474380 + 13653497 - 33104902 = 0. Is f composite?
True
Suppose -3*b + 3*x + 596998 + 431483 = 0, -3*x = 18. Is b a composite number?
False
Let l be 12/6*16/1. Let p = l + 153. Suppose -p = -4*v + 1163. Is v prime?
True
Suppose 0*y + 515 = 2*y + m, -2*y + m + 505 = 0. Suppose 0 = 42*i - 37*i - 75. Suppose -12*x = -i*x + y. Is x a composite number?
True
Suppose 2*c + 15 = 31. Suppose v = -5*i + 936, 4*i = c - 28. Let p = v + -588. Is p a prime number?
True
Let d(s) = s**3 + s**2 - s + 1. Let n be d(0). Is (176/48)/(n/69) a prime number?
False
Suppose 4*w = -z + 2719, -2*z + 6 = -0*z. Let h = 1494 + w. Is h a composite number?
True
Let y(o) = -1571*o**2 - 21*o - 95. Let t be y(-6). Let s = -31868 - t. Is s a composite number?
True
Let j = -23493 - -7475. Let m be 1*j*4/(-8). Suppose -7*z = 708 - m. Is z a composite number?
True
Let n(s) = 910*s**2 - 34*s + 101. Is n(3) composite?
True
Suppose -6057477 = 1346*a - 1373*a. Is a a prime number?
True
Let o(f) = -f**3 - 9*f**2 - 8*f + 1. Let s be o(-8). Let m be (-5*s*-1)/(-1 + 2). Suppose 6*g - 2*g = -3*a + 26005, a = m*g + 8643. Is a prime?
True
Suppose 223*p - 3772977 = -44*p. Is p prime?
False
Suppose 4005 + 6309 = 9*d. Is d*(-2)/(-4)*1 composite?
True
Let l be 32/6*7*(-15)/(-140). Is (6 + -9)*(-3 + l) + 5414 composite?
True
Let j(p) = -p**3 - 23*p**2 - 115*p + 102. Is j(-47) a composite number?
True
Let a(y) = -2*y**2 + 26*y - 3. Let j be a(12). Suppose -j*s + 22*s - 3 = 0. Suppose -s*v = -6*v + 951. Is v a prime number?
True
Suppose 3*p + 47261 = m, 2*p - m - 15751 = 3*p. Let f = 14152 - p. Is f a prime number?
False
Suppose -3*m - 90 = -8*m - 5*r, 5*r + 90 = 5*m. Suppose 4*t - 362 - m = 0. Suppose 4*a - t - 413 = 0. Is a a prime number?
True
Let n(s) = -6*s**3 - 147*s**2 - 63*s + 5. Is n(-27) a prime number?
True
Is (-26 - -78)*(-17555)/(-20) prime?
False
Let o(p) = -1752*p**2 - 8*p + 5. Let v be o(-8). Let d be 2/7 + v/(-63). Let n = d - 574. Is n a prime number?
False
Suppose -q = 0, -3*i = -5*i - 3*i - 4*q + 12485. Is i composite?
True
Let t(g) = 4*g + 120. Let j be t(-30). Suppose -6*r + 4*r + 514 = j. Is r prime?
True
Let o be 10/35 + (188/28 - 1). Suppose 4835 = o*n - 16363. Suppose -12*f + 487 = -n. Is f a composite number?
True
Let n(x) = 24*x**3 + x**2 - 6. Let r(k) = k**3 + 16*k**2 + 14*k - 12. Let p be r(-15). Let j be n(p). Suppose 2*o = -o + j. Is o a composite number?
True
Let b(n) = -11*n**2 - 17 - 15*n + 41*n**2 + 38*n + 11*n**2. Is b(7) prime?
True
Suppose 212 = -27*a + 1157. Suppose -a*n + 52126 - 8411 = 0. Is n a prime number?
True
Suppose -96*z + 1912211 - 1106365 + 1722698 = 0. Is z composite?
False
Let n(v) = 3*v**2 - 8*v - 6. Let m(i) = 3*i**2 - 5*i + 9. Let t be m(3). Let s = t + -26. Is n(s) a composite number?
False
Suppose 45*x - 20472253 = -107*x + 3542379. Is x a prime number?
True
Let g(o) = 1229*o + 52. Is g(5) prime?
True
Suppose 49 - 129 = -16*j. Suppose j*f - n = -0*n - 4156, 3323 = -4*f - n. Let s = -44 - f. Is s prime?
True
Suppose 2*r = 132*t - 137*t + 59523, -5*t + 25 = 0. Is r a prime number?
False
Let k(t) = t**2 - 23*t - 29. Let m = 114 + -112. Suppose m*i - 3*s - 60 = 0, 0 = -i + s + 8 + 21. Is k(i) a composite number?
False
Let b(n) be the third derivative of -2519*n**4/24 + 93*n**3/2 + 51*n**2. Is b(-16) a composite number?
False
Let w = 246878 + -68811. Is w prime?
True
Let y(j) = 48978*j**2 + 14*j + 15. Is y(-1) a composite number?
True
Let i(b) = -1696*b**3 + b**2 + 12*b - 4. Is i(-3) composite?
True
Let g(n) = 16*n**2 + 31*n - 43. Let y(d) = 4*d**2 + 8*d - 11. Suppose 92*b - 97*b = 10. Let z(q) = b*g(q) + 9*y(q). Is z(6) prime?
True
Suppose -209419 = 1118*b - 1125*b. Is b a prime number?
True
Is (-6002 + 4)*(-2)/4 composite?
False
Let h be -5*(-95 + -6) - -6. Is h - (-1 + 2)/((-2)/6) composite?
True
Suppose 357 = -13*k - 4*k. Let r(a) = -a**3 + a**2 + a + 2. Let p be r(0). Let l = p - k. Is l prime?
True
Let d = 9218 + 4953. Is d a composite number?
True
Let b(u) = 11531*u + 4566. Is b(5) prime?
False
Suppose -7251 + 2167 = 4*x. Let f = 1827 + x. Let r = 810 - f. Is r a prime number?
False
Let j = 708247 + -2436. Is j composite?
True
Suppose 236*k - 187*k = 51700537. Is k composite?
False
Let x = 260 + -284. Is 1005 + (x*1)/(-6) a composite number?
False
Suppose 2*y = -7*y + 5*k + 1551052, -y + 172315 = -4*k. Is y prime?
True
Suppose -z = 4*u - 506448, -517*u + z + 253218 = -515*u. Is u a prime number?
True
Suppose c + 404 - 2365 = 0. Is -5 + c/3 + (-10)/6 a prime number?
True
Let z(o) = 5704*o - 1335. Is z(7) a composite number?
False
Suppose 0 = -46*n + 8191567 + 8072239. Is n prime?
False
Suppose 7*t + 4*i - 1293203 = 0, 6*t - 2*i = 8*t - 369490. Is t a prime number?
False
Suppose 5*r + 5*b = 7374 + 3371, -4 = -2*b. Is r a prime number?
False
Let y be 196/(-28)*1234/(-7). Suppose y + 302 = 4*j. Let t = j - 173. Is t composite?
False
Suppose 0 = -4*t + 4*o + 198100, 3*t + 2*o = -0*t + 148565. Is t a composite number?
False
Let a(u) = 1176*u + 299. Is a(9) a prime number?
True
Suppose -609594 = -3*z - x, 42*x = 3*z + 39*x - 609606. Is z prime?
False
Is (-3)/(-9)*4/(52/61113) a composite number?
False
Suppose -3*i + 5 = -7. Let z(m) = 4*m**2 + 114*m - 474. Let w be z(-39). Suppose -i*c + w = 4*a, c = 5*c + 16. Is a composite?
True
Let s = 262123 + -31136. Is s prime?
False
Suppose -5*a + 140667 = 54377. Is 4/18 - a/(-18) a composite number?
True
Let q = -76 - -74. Let z be q/7 + 710/35. Suppose 2*j - 2054 - z = 0. Is j composite?
True
Let a(q) = q**3 + 4*q**2 - 17*q - 29. Let c be a(-6). Is 35*20 - (0 - c) a prime number?
True
Let d(f) = 195*f**2 + 9*f + 13. Let u be (-4)/8*4 - 3. Is d(u) prime?
False
Let p = 137278 - 94137. Is p prime?
False
Let n(k) = -27831*k - 470. Is n(-3) prime?
True
Let y = 74274 - 42967. Is y prime?
True
Let q(j) = 119586*j - 19. Let p be q(-1). Is (-1)/(6/(-4)) - p/57 a composite number?
False
Suppose 3*n + 96*c = 94*c + 465365, 2*c = 4*n - 620468. Is n prime?
True
Let b(a) = 1567*a + 7. Let c be b(-2). Let y = c + 5684. Is y a composite number?
False
Suppose 1 = 3*a - 20. Suppose a*t + 0*t = 21. Suppose -517 = -t*l + 2*s + 230, -5*s - 236 = -l. Is l a composite number?
False
Let y = 412 - 404. Let g(v) = 4*v**2 + 9*v + 21. Let u(z) = 3*z**2 + 8*z + 21. Let k(m) = 4*g(m) - 5*u(m). Is k(y) prime?
True
Suppose 81*t - 17699904 - 19488411 = 0. Is t a composite number?
True
Let v(y) = 20*y**2 + 11*y - 22. Let j be v(11). Let c = j + -1416. Is c composite?
False
Let o be (28/70)/((-1)/2355). Is 5640/(-80)*o/9 a composite number?
True
Let d(q) be the first derivative of 40*q**2 - 87*q + 23. Is d(25) a composite number?
False
Let s be ((-22631)/21)/(2/(-6)). Let d = s + -1984. Is d a composite number?
False
Let p be (-40)/(-220) - 158/22. Is 0 + 255 + (p - -3) composite?
False
Let c = 318395 - 185734. Is c composite?
False
Let r(m) = 11*m - 61. Let c be r(6). Suppose -c*j + 13*p + 28000 = 12*p, 5609 = j - 2*p. Is j prime?
False
Is (((-5646)/(8 - 5))/((-12)/(-822)))/(-1) prime?
False
Let n(j) = 4*j**2 - 13*j + 14. Let g be n(21). Let s be 3151 - (-2 - -4*1). Suppose 2*w - s = g. Is w a prime number?
False
Suppose 10*s - 6*s - 468 = 0. Let t be 10/45*3*-3. Let p = t + s. Is p a prime number?
False
Suppose 4*f - 426 = 2*f. Suppose 2*v + 2*v - 1126 = -3*i, -16 = -4*v. Let o = i - f. Is o a composite number?
False
Let o(u) = -u**3 + 4*u**2 + 2*u + 9. Let s be o(5). Let x be 4/(5/((-45)/s)). Is (-2)/12 + 511/x + -2 a prime number?
True
Let x(m) = 2*m**2 + 63*m - 993. Is x(80) composite?
True
Let w(o) be the second derivative of -43/6*o**3 + 0 - 4*o - 11*o**2. Is w(-11) a prime number?
False
Let k(f) = -f**2 - 32*f + 30. Let o be k(-32). Is (35714/44 - o/165)*2 composite?
True
Let n(j) = 3662*j**2 + j - 1. Let r be n(1). Suppose -720 + r = 5*v + 2*u, -1 = -u. Suppose 5*p + z = -85 + 1053, -3*p = -3*z - v. Is p composite?
True
Let c be ((-12)/4 - -1069) + (1 - 1). Suppose f - 3337 = -c. Is f prime?
False
Suppose l = 4*i + 3112, l - i - 1751 = 1358. Suppose n + 5*a - l = 0, -5*n + 4*a = -6064 - 9563. Suppose -n = -0*r - 4*r + 5*x, 10 = 2*x. Is r a prime number?
True
Let v(o) = 13*o**2 - 639*o - 497. Is v(123) a composite number?
True
Is ((-1)/(-3))/(2/(-240326))*-3 prime?
True
Suppose -30*w = -1000716 + 9546. Suppose w = 15*v - 6*v. I